j(-20)?
1
Let h(g) = g**3 - 9*g**2 - 11*g + 5. Let m be h(10). Let f = -38 + -6. Let n = m - f. What is the tens digit of n?
3
Let q(t) be the first derivative of 43*t**2/2 - 2*t - 29. Let b be q(2). What is the hundreds digit of (-2)/(-3) + 19432/b?
2
Suppose -2*s + 7*s = -30. Let u be (-8)/(-6)*((-399)/s - 5). What is the hundreds digit of u/(-3)*(-18)/4?
1
Suppose -6620*t + 6622*t - 4684 = 0. What is the tens digit of t?
4
Let r(d) = d**3 + 24*d**2 + 23*d + 7. Let u be r(-23). Suppose -4*h + u*h - 5*j - 1093 = 0, 5*j - 391 = -h. What is the units digit of h?
1
Suppose 5*l - 4*l = -2. Let s be (0/l)/(-10 + 8). Suppose s = -3*j + 3*f + 141, 6*j = j + f + 215. What is the units digit of j?
2
Let t(a) = 6*a - 3. Let k be t(1). Let o be (k - 4 - -2)/(-1). What is the units digit of (o - -2)/((-4)/(-165 + 1))?
1
Suppose 2*v - 5*l - 21097 = 0, 5*v - 22*l = -18*l + 52700. What is the tens digit of v?
3
Let j(l) = -3*l**3 + l + 1. Let o be j(2). Let r = -17 - o. What is the units digit of 1036/(-42)*(-6)/r?
7
Let b(h) be the second derivative of h**4/6 - 17*h**3/3 + 74*h**2 + 21*h - 4. What is the units digit of b(30)?
8
Let u(k) = -2*k**2 + 18*k - 8. Let g be u(7). Let w be g/(-5) - -2 - 2*-1. Suppose w = -28*z + 25*z + 45. What is the units digit of z?
5
Let b(n) = 4*n**2 + 7*n - 13. Let r be b(-11). Let c = 73 - 276. Let t = r + c. What is the units digit of t?
1
What is the thousands digit of (-5687)/(-4) + 3/12?
1
Let p(z) = -364*z - 415. What is the tens digit of p(-12)?
5
Let c = 23544 - -3001. What is the thousands digit of c?
6
Let a(w) = 25*w**3 + 15*w**2 + 57*w - 853. What is the thousands digit of a(13)?
7
Suppose 2*g - 4*j + 1826 = 0, 0*g = -5*g - 3*j - 4630. What is the hundreds digit of (2 - 1)*(30 - g)?
9
Let k = -60 + 47. Let i = k + 16. Suppose 0*p + i*p - 36 = 0. What is the units digit of p?
2
Suppose -18*l + 13*l = 4*c - 27012, 3*c = -l + 20259. Suppose 7*t - 5175 = c. What is the tens digit of t?
0
Suppose -2*o + v + 88 = -v, 5*o - 216 = 3*v. Let c = 34 - o. Let a(k) = -k**3 - 7*k**2 + k - 8. What is the tens digit of a(c)?
4
What is the tens digit of 6006/385*(-70)/(-6)?
8
Suppose y - z = 1, 0 = 14*y - 15*y + 2*z. Suppose x - 1129 = -y*i, 4*i - 893 = 3*x + 1380. What is the units digit of i?
6
Let r(q) = -3*q - 106. Let x be r(-35). What is the tens digit of ((-112230)/(-360))/(x/(-6 - -2))?
4
Let w(s) = -15*s**3 - 5*s**2 + s + 15. What is the units digit of w(-4)?
1
Suppose 0 = -2*c - 14 + 98. Let n = -45 + c. What is the tens digit of n*(-3)/(-9)*-119?
1
Let d be (-26)/8*10*(-12)/15. Suppose 5807 = -d*a + 25151. What is the tens digit of a?
4
Let b(a) = a**3 + 24*a**2 + 43*a + 25. Let o be b(-20). Suppose 4*q + c = 771, -c = -4*q - 0*c + o. What is the hundreds digit of q?
1
Let r(p) = -185*p - 465. What is the tens digit of r(-3)?
9
Suppose -2*o + 5485 = -o + 503. What is the hundreds digit of o?
9
Suppose -36416 = -2*d + 4*n, 21*d - 27*d + 109218 = -2*n. What is the tens digit of d?
0
Let w = 633 + -452. Suppose -w + 862 = 3*i. Let k = -139 + i. What is the tens digit of k?
8
Let g = -26013 - -74421. What is the ten thousands digit of g?
4
Let c be ((5 - 6) + -8)*223. What is the units digit of (22/(-6) - -3)*c/6?
3
Suppose -2*v + 162 - 158 = 0. Suppose -1065 = -v*k - 91. What is the hundreds digit of k?
4
Suppose x - 4 = -6*m + 2*m, 4*x - 3*m + 60 = 0. Let w = -61 + x. Let y = w - -103. What is the units digit of y?
0
Suppose -2*q + 111694 = -0*q + 5*b, -5*q + 5*b = -279095. What is the ten thousands digit of q?
5
Let p(t) = 32*t - 154. Let s be p(5). Suppose -4*n = -5*l - s*n + 2150, -5*l + 2125 = -3*n. What is the units digit of l?
8
Suppose 2*c + 7112 = 4*q + 1200, 5916 = 4*q - c. Let v = q - 756. What is the units digit of v?
4
Let b(r) = 4*r**3 + 7*r - 2*r + 15 - 3*r**2 + 8*r**2 - 11*r**3. What is the tens digit of b(-4)?
2
Suppose -4*w = -2*y - 1 - 11, -5*y + 5 = -3*w. Suppose -v + 246 = -4*z, -3*v = -4*v - w*z + 210. What is the units digit of v?
0
What is the thousands digit of 380058/(-84)*(-3 + -2 + 1)?
8
What is the tens digit of 81/(-18) + (-6 - (-99015)/10)?
9
What is the hundreds digit of (550806/20)/(207/276) + 9/15?
7
Let b = -13 - -14. Let n be 3 + -2 - (-2 + b - -1). What is the units digit of (-200)/(-52) + n + (-2)/(-13)?
5
Let t(m) be the first derivative of 37*m**6/20 + m**5/30 - m**3/3 + 33*m**2/2 + 2. Let z(o) be the second derivative of t(o). What is the tens digit of z(1)?
2
Let j(d) = -15414*d - 1601. What is the units digit of j(-1)?
3
Let w(l) = -701*l + 3289. What is the units digit of w(-31)?
0
Suppose 5*a - 3 = 2*a, 0 = y - 4*a + 280. Suppose 0 = -n + 203 + 184. Let m = n + y. What is the units digit of m?
1
Let s = 50 - 40. Let n(b) = -22*b + s*b - 8*b - 7 - 6*b. What is the tens digit of n(-4)?
9
Let r = -2453 - -7927. What is the units digit of r?
4
Suppose 3*p = o + 3, -5*o + 8 + 17 = -5*p. Suppose -o - 5 = -y - 2*s, -s + 40 = 2*y. Suppose 2*f - 5*h = 3*f - 22, -3*h = f - y. What is the units digit of f?
2
Let v(y) = -5 + 54*y - 16 + 4 - 2. What is the hundreds digit of v(6)?
3
Suppose 221 - 36 = 5*w. Suppose 5*v + f = -2*f + w, 6 = 2*v - f. Suppose -805 + 85 = -v*a. What is the units digit of a?
4
Suppose 5*i = -3*u - 5 + 27, 5*i = 10. Let y be (-2)/((-3)/(-6)*-1). What is the units digit of 7/y*4*u/7?
4
Let p(h) = -5*h**2 - 9*h - 11. Let a be p(-5). Let s = a - -91. Suppose s = 5*q + 3*u + 2 - 174, -2*u = 4*q - 138. What is the units digit of q?
5
Let s(c) = -448*c + 312. What is the tens digit of s(-7)?
4
Let h(r) = -392*r + 12. Suppose -3*k - 6*k = 9. What is the hundreds digit of h(k)?
4
Let a(i) = -9*i**3 - 8*i**2 - i - 4. Let l(k) = -17*k**3 - 16*k**2 - 3*k - 9. Let y(q) = -13*a(q) + 6*l(q). What is the thousands digit of y(5)?
2
Let j = 11110 - -8544. What is the units digit of j?
4
Suppose -19*c + 113 = -229. Let o(h) = 2*h**2 + 5*h + 45. What is the hundreds digit of o(c)?
7
Suppose 654 = -10*f + 7*f. Let j = -1 - f. What is the units digit of j?
7
Let g(j) = -20*j**3 - 24*j**2 - 7*j + 23. What is the thousands digit of g(-7)?
5
Let v(p) = 2467*p - 1. Let h be v(1). What is the units digit of (h/24)/(6/8)?
7
Let j be 175/(-210)*(-12)/(-2). What is the hundreds digit of (15/(-9))/j - 11085/(-9)?
2
Let d = -415 + -80. Let m = 850 + d. What is the hundreds digit of m?
3
What is the thousands digit of (-4776)/(-1990)*(-1865)/(-2)?
2
Let y(m) = 9*m - 18 - m**3 + 210*m**2 - 245*m**2 + 74 - 79*m. What is the units digit of y(-33)?
8
Let p(h) = -99*h**3 + 2*h + 1. Let l(v) = -3*v - 13. Let s be l(-4). Let m be p(s). Suppose -2*t + 64 = -m. What is the tens digit of t?
8
Let q be ((-207)/(-115))/((-1)/(-5)). What is the tens digit of 3*((-6)/24)/(q/(-1176))?
9
Let y(c) be the second derivative of c**4/3 - 7*c**3/3 + c**2 - 9*c - 5. What is the hundreds digit of y(-14)?
9
Suppose p - 3 = c, -2*p + 5*p = 15. Let j(w) = -11 - 5*w**2 + 6*w**2 + w + 0*w**c - 13. What is the tens digit of j(-10)?
6
Let b(o) = -90*o**3 + 12*o**2 + 3*o + 31. What is the thousands digit of b(-5)?
1
Let k = 56 - -562. Suppose -k = 7*h - 10*h. Suppose r + 163 = 5*u - u, -5*u + h = r. What is the tens digit of u?
4
Let p be (408/66 - 6) + 108/11. Suppose -11*t = -p*t - 76. What is the tens digit of t?
7
Suppose -6*h - 135 = -21*h. Suppose 4*y = h*l - 5*l + 2920, 2*y - 1462 = 3*l. What is the tens digit of y?
2
What is the hundreds digit of (-51)/(-3) - (-2720 - -6)?
7
Let g(h) = -h**2 - 1954*h + 16919. What is the units digit of g(0)?
9
Suppose -2*d = 4, -5*h + 4*d = 236 + 86. Let r = -74 - h. What is the tens digit of (-25*(-20)/r)/(1/(-2))?
2
What is the units digit of (9 - -327)/(-3 + 172/56)?
4
Let f = -591 - -422. Let d = -262 - f. Let a = d - -195. What is the hundreds digit of a?
1
Suppose 2*f - 107320 = -4*s, 2*s + 69*f = 64*f + 53676. What is the hundreds digit of s?
8
Let t be 1/((3/(-3))/1). Let b(d) = -77*d**3 - d**2 - 4*d - 2. Let o be b(t). What is the units digit of o - (4 + (-3 + 3 - 1))?
5
Suppose 0 = k + 4*s + 6, 4*k = -3*s - 17 - 20. Suppose -4*a - 121 = 5*n, 5*a - 26*n + 29*n + 135 = 0. Let u = k - a. What is the tens digit of u?
1
Let h = -95 + 108. Let j be (-3)/(-8)*(h + -5). Suppose 6*b - 72 = j*b. What is the units digit of b?
4
Let r(a) = a**3 - 5*a + 4. Let o be r(1). Suppose o*l = 